{"id":922,"date":"2020-12-23T15:24:56","date_gmt":"2020-12-23T15:24:56","guid":{"rendered":"https:\/\/new.piscinawellness.it\/index.php\/dushi-skocez\/"},"modified":"2021-01-27T09:32:03","modified_gmt":"2021-01-27T09:32:03","slug":"dush-me-kove","status":"publish","type":"page","link":"https:\/\/pishinawellness.com\/index.php\/dush-me-kove\/","title":{"rendered":"Dush me Kove"},"content":{"rendered":"<div class=\"wpb-content-wrapper\"><p>[vc_row full_width=&#8221;stretch_row_content&#8221; bg_type=&#8221;bg_color&#8221; bg_override=&#8221;ex-full&#8221; bg_color_value=&#8221;rgba(183,184,187,0.2)&#8221; css=&#8221;.vc_custom_1605109971927{padding-top: 30px !important;padding-bottom: 30px !important;}&#8221;][vc_column width=&#8221;1\/2&#8243;][vc_single_image image=&#8221;923&#8243; img_size=&#8221;1024&#215;450&#8243; alignment=&#8221;center&#8221;][\/vc_column][vc_column width=&#8221;1\/2&#8243;]<div class=\"ult-content-box-container box_class\" >\t\t<div class=\"ult-content-box\" style=\"box-shadow: px px px px none;-webkit-transition: all 700ms ease;-moz-transition: all 700ms ease;-ms-transition: all 700ms ease;-o-transition: all 700ms ease;transition: all 700ms ease;\"  data-hover_box_shadow=\"none\"    >[vc_row_inner][vc_column_inner width=&#8221;1\/12&#8243;][\/vc_column_inner][vc_column_inner width=&#8221;3\/4&#8243;][vc_empty_space height=&#8221;15px&#8221;][vc_column_text]<\/p>\n<p style=\"text-align: justify;\">Nj\u00eb dush skocez mund t\u00eb jet\u00eb nj\u00eb rutin\u00eb e p\u00ebrhershme ose nj\u00eb m\u00ebnyr\u00eb p\u00ebr t\u00eb leht\u00ebsuar trupin n\u00eb dushin e plot\u00eb t\u00eb ftoht\u00eb. Nj\u00eb m\u00ebnyr\u00eb e mir\u00eb p\u00ebr ta provuar k\u00ebt\u00eb \u00ebsht\u00eb duke filluar me nj\u00eb dush t\u00eb ftoht\u00eb, jasht\u00ebzakonisht t\u00eb shkurt\u00ebr, p\u00ebr t\u00eb kapur procesin normal. Provoni nj\u00eb shp\u00eblarje t\u00eb thjesht\u00eb prej 30 sekondash n\u00eb nj\u00eb temperatur\u00eb m\u00eb t\u00eb fresk\u00ebt se normalja n\u00eb fund t\u00eb dushit tuaj. Rrisni koh\u00ebzgjatjen nga 30 sekonda dhe ulni temperatur\u00ebn paksa pas \u00e7do dushi. Pasi t\u00eb keni arritur disa minuta t\u00eb ujit plot\u00ebsisht t\u00eb ftoht\u00eb, do ti keni dh\u00ebn\u00eb vetes nj\u00eb dush t\u00eb duhur skocez dhe do t\u00eb jeni gati t\u00eb lloni t\u00eb merrni dushe plot\u00ebsisht t\u00eb ftohta, gjithmon n\u00ebse ju d\u00ebshironi. Nj\u00eb dush i ftoht\u00eb do t\u00eb t\u00eb b\u00ebj\u00eb nj\u00eb njeri m\u00eb t\u00eb sh\u00ebndetsh\u00ebm.<\/p>\n<p>[\/vc_column_text][\/vc_column_inner][\/vc_row_inner]\t\t<\/div><\/div>[\/vc_column][\/vc_row][vc_row full_width=&#8221;stretch_row_content&#8221; bg_type=&#8221;bg_color&#8221; bg_override=&#8221;ex-full&#8221; bg_color_value=&#8221;rgba(183,184,187,0.2)&#8221; css=&#8221;.vc_custom_1605109971927{padding-top: 30px !important;padding-bottom: 30px !important;}&#8221;][vc_column width=&#8221;1\/2&#8243;]<div class=\"ult-content-box-container box_class\" >\t\t<div class=\"ult-content-box\" style=\"box-shadow: px px px px none;-webkit-transition: all 700ms ease;-moz-transition: all 700ms ease;-ms-transition: all 700ms ease;-o-transition: all 700ms ease;transition: all 700ms ease;\"  data-hover_box_shadow=\"none\"    >[vc_row_inner][vc_column_inner width=&#8221;1\/12&#8243;][\/vc_column_inner][vc_column_inner width=&#8221;3\/4&#8243;][vc_column_text]<\/p>\n<p style=\"text-align: justify;\"><strong>P\u00ebrfitimet e Dushit Skocez<\/strong><\/p>\n<ul>\n<li style=\"text-align: justify;\"><em><b>Flok\u00eb dhe l\u00ebkur\u00eb m\u00eb t\u00eb mir\u00eb <\/b><\/em> \u2013 Uji i ftoht\u00eb e forcon l\u00ebkur\u00ebn tuaj dhe ngushton en\u00ebt e gjakut. Kjo redukton pamjen e poreve dhe redukton enjtjen dhe qarqet e err\u00ebta posht\u00eb syve. Me uj\u00eb t\u00eb ftoht\u00eb, flok\u00ebt tuaj duken m\u00eb t\u00eb sh\u00ebndetsh\u00ebm dhe shk\u00eblqejn\u00eb sepse ai rrafshon folikulat e flok\u00ebve tuaj.<\/li>\n<li style=\"text-align: justify;\"><em><b>Sistem imun t\u00eb fort\u00eb <\/b><\/em>\u2013 Pas nj\u00eb dushi t\u00eb ftoht\u00eb, trupi juaj reagon ndaj ndryshimit t\u00eb temperatur\u00ebs duke u p\u00ebrpjekur ta ngroh vet\u00eb at\u00eb. Shkalla e metabolizmit rritet dhe trupi aktivizon sistemin e mbrojtjes natyrore ndaj viruseve me nj\u00eb lirim t\u00eb shpejt\u00eb t\u00eb qelizave t\u00eb bardha t\u00eb gjakut. Trupi nxit prodhimin e antitrupave kur ekspozohet n\u00eb uj\u00eb t\u00eb ftoht\u00eb p\u00ebr periudha t\u00eb shkurtra kohore.<\/li>\n<li style=\"text-align: justify;\"><em><b>Humbje peshe <\/b><\/em>\u2013 Sipas nj\u00eb studimi t\u00eb publikuar n\u00eb New England Journal of Medicine n\u00eb vitin 2009, u zbulua se pjes\u00ebmarr\u00ebsi kishte potencialin t\u00eb humbte deri n\u00eb 9 kg shtes\u00eb t\u00eb yndyr\u00ebs n\u00eb vit thjesht duke marr\u00eb dushe t\u00eb ftohta.<\/li>\n<\/ul>\n<p>[\/vc_column_text][\/vc_column_inner][\/vc_row_inner]\t\t<\/div><\/div>[\/vc_column][vc_column width=&#8221;1\/2&#8243;][vc_single_image image=&#8221;292&#8243; img_size=&#8221;1024&#215;450&#8243; alignment=&#8221;center&#8221;][\/vc_column][\/vc_row][vc_row full_width=&#8221;stretch_row_content&#8221;][vc_column css=&#8221;.vc_custom_1604485950044{padding-top: 70px !important;padding-bottom: 70px !important;}&#8221;][vc_custom_heading text=&#8221;REALIZIMI I DUSHIT SKOCEZ N\u00cb HOTELE &amp; RESORTE I SHTON VLERA AMBJENTIT TUAJ.&#8221; font_container=&#8221;tag:h3|text_align:center|color:%235f6263&#8243; use_theme_fonts=&#8221;yes&#8221;][vc_separator color=&#8221;custom&#8221; el_width=&#8221;20&#8243; accent_color=&#8221;#5f6263&#8243;]<div id=\"ult-carousel-410023760969dcbe80ccbfd\" class=\"ult-carousel-wrapper   ult_horizontal\" data-gutter=\"15\" data-rtl=\"false\" ><div class=\"ult-carousel-119041781169dcbe80ccacf \" >[vc_single_image image=&#8221;294&#8243; img_size=&#8221;full&#8221;][vc_single_image image=&#8221;293&#8243; img_size=&#8221;full&#8221;][vc_single_image image=&#8221;295&#8243; img_size=&#8221;full&#8221;][vc_single_image image=&#8221;296&#8243; img_size=&#8221;full&#8221;][vc_single_image image=&#8221;297&#8243; img_size=&#8221;full&#8221;][vc_single_image image=&#8221;663&#8243; img_size=&#8221;full&#8221;][vc_single_image image=&#8221;664&#8243; img_size=&#8221;full&#8221;][vc_single_image image=&#8221;665&#8243; img_size=&#8221;full&#8221;]<\/div><\/div>\t\t\t<script type=\"text\/javascript\">\n\t\t\t\tjQuery(document).ready(function ($) {\n\t\t\t\t\tif( typeof jQuery('.ult-carousel-119041781169dcbe80ccacf').slick == \"function\"){\n\t\t\t\t\t\t$('.ult-carousel-119041781169dcbe80ccacf').slick({dots: true,autoplay: true,autoplaySpeed: \"5000\",speed: \"300\",infinite: true,arrows: false,slidesToScroll:3,slidesToShow:3,swipe: true,draggable: true,touchMove: true,pauseOnHover: true,pauseOnFocus: false,responsive: [\n\t\t\t\t\t\t\t{\n\t\t\t\t\t\t\t  breakpoint: 1026,\n\t\t\t\t\t\t\t  settings: {\n\t\t\t\t\t\t\t\tslidesToShow: 3,\n\t\t\t\t\t\t\t\tslidesToScroll: 3,  \n\t\t\t\t\t\t\t  }\n\t\t\t\t\t\t\t},\n\t\t\t\t\t\t\t{\n\t\t\t\t\t\t\t  breakpoint: 1025,\n\t\t\t\t\t\t\t  settings: {\n\t\t\t\t\t\t\t\tslidesToShow: 2,\n\t\t\t\t\t\t\t\tslidesToScroll: 2\n\t\t\t\t\t\t\t  }\n\t\t\t\t\t\t\t},\n\t\t\t\t\t\t\t{\n\t\t\t\t\t\t\t  breakpoint: 760,\n\t\t\t\t\t\t\t  settings: {\n\t\t\t\t\t\t\t\tslidesToShow: 1,\n\t\t\t\t\t\t\t\tslidesToScroll: 1\n\t\t\t\t\t\t\t  }\n\t\t\t\t\t\t\t}\n\t\t\t\t\t\t],pauseOnDotsHover: true,customPaging: function(slider, i) {\n                   return '<i type=\"button\" style= \"color:#5f6263;\" class=\"ultsl-radio-checked\" data-role=\"none\"><\/i>';\n                },});\n\t\t\t\t\t}\n\t\t\t\t});\n\t\t\t<\/script>\n\t\t\t[\/vc_column][\/vc_row]<\/p>\n<\/div>","protected":false},"excerpt":{"rendered":"<p>[vc_row full_width=&#8221;stretch_row_content&#8221; bg_type=&#8221;bg_color&#8221; bg_override=&#8221;ex-full&#8221; bg_color_value=&#8221;rgba(183,184,187,0.2)&#8221; css=&#8221;.vc_custom_1605109971927{padding-top: 30px !important;padding-bottom: 30px !important;}&#8221;][vc_column width=&#8221;1\/2&#8243;][vc_single_image image=&#8221;923&#8243; img_size=&#8221;1024&#215;450&#8243; alignment=&#8221;center&#8221;][\/vc_column][vc_column width=&#8221;1\/2&#8243;][\/vc_column][\/vc_row][vc_row full_width=&#8221;stretch_row_content&#8221; bg_type=&#8221;bg_color&#8221; bg_override=&#8221;ex-full&#8221; bg_color_value=&#8221;rgba(183,184,187,0.2)&#8221; css=&#8221;.vc_custom_1605109971927{padding-top: 30px !important;padding-bottom: 30px !important;}&#8221;][vc_column width=&#8221;1\/2&#8243;][\/vc_column][vc_column width=&#8221;1\/2&#8243;][vc_single_image image=&#8221;292&#8243; img_size=&#8221;1024&#215;450&#8243; alignment=&#8221;center&#8221;][\/vc_column][\/vc_row][vc_row full_width=&#8221;stretch_row_content&#8221;][vc_column css=&#8221;.vc_custom_1604485950044{padding-top: 70px !important;padding-bottom: 70px !important;}&#8221;][vc_custom_heading text=&#8221;REALIZIMI I DUSHIT SKOCEZ N\u00cb HOTELE &amp; RESORTE I SHTON VLERA AMBJENTIT TUAJ.&#8221; font_container=&#8221;tag:h3|text_align:center|color:%235f6263&#8243; use_theme_fonts=&#8221;yes&#8221;][vc_separator color=&#8221;custom&#8221; el_width=&#8221;20&#8243; accent_color=&#8221;#5f6263&#8243;][\/vc_column][\/vc_row]<\/p>\n","protected":false},"author":1,"featured_media":0,"parent":0,"menu_order":0,"comment_status":"closed","ping_status":"closed","template":"","meta":{"footnotes":""},"class_list":["post-922","page","type-page","status-publish","hentry","description-off"],"_links":{"self":[{"href":"https:\/\/pishinawellness.com\/index.php\/wp-json\/wp\/v2\/pages\/922","targetHints":{"allow":["GET"]}}],"collection":[{"href":"https:\/\/pishinawellness.com\/index.php\/wp-json\/wp\/v2\/pages"}],"about":[{"href":"https:\/\/pishinawellness.com\/index.php\/wp-json\/wp\/v2\/types\/page"}],"author":[{"embeddable":true,"href":"https:\/\/pishinawellness.com\/index.php\/wp-json\/wp\/v2\/users\/1"}],"replies":[{"embeddable":true,"href":"https:\/\/pishinawellness.com\/index.php\/wp-json\/wp\/v2\/comments?post=922"}],"version-history":[{"count":5,"href":"https:\/\/pishinawellness.com\/index.php\/wp-json\/wp\/v2\/pages\/922\/revisions"}],"predecessor-version":[{"id":926,"href":"https:\/\/pishinawellness.com\/index.php\/wp-json\/wp\/v2\/pages\/922\/revisions\/926"}],"wp:attachment":[{"href":"https:\/\/pishinawellness.com\/index.php\/wp-json\/wp\/v2\/media?parent=922"}],"curies":[{"name":"wp","href":"https:\/\/api.w.org\/{rel}","templated":true}]}}