{"id":908,"date":"2020-12-23T14:58:18","date_gmt":"2020-12-23T14:58:18","guid":{"rendered":"https:\/\/new.piscinawellness.it\/index.php\/dhoma-e-kripes-haloterapia\/"},"modified":"2021-02-02T16:15:12","modified_gmt":"2021-02-02T16:15:12","slug":"dhoma-e-kripes-haloterapia","status":"publish","type":"page","link":"https:\/\/pishinawellness.com\/index.php\/dhoma-e-kripes-haloterapia\/","title":{"rendered":"Dhoma e Krip\u00ebs (Haloterapia)"},"content":{"rendered":"<div class=\"wpb-content-wrapper\"><p>[vc_row full_width=&#8221;stretch_row_content&#8221; bg_type=&#8221;bg_color&#8221; bg_override=&#8221;ex-full&#8221; bg_color_value=&#8221;rgba(183,184,187,0.2)&#8221; css=&#8221;.vc_custom_1605109971927{padding-top: 30px !important;padding-bottom: 30px !important;}&#8221;][vc_column width=&#8221;1\/2&#8243;][vc_single_image image=&#8221;2387&#8243; img_size=&#8221;1024&#215;450&#8243; alignment=&#8221;center&#8221;][\/vc_column][vc_column width=&#8221;1\/2&#8243;]<div class=\"ult-content-box-container box_class\" >\t\t<div class=\"ult-content-box\" style=\"box-shadow: px px px px none;-webkit-transition: all 700ms ease;-moz-transition: all 700ms ease;-ms-transition: all 700ms ease;-o-transition: all 700ms ease;transition: all 700ms ease;\"  data-hover_box_shadow=\"none\"    >[vc_row_inner][vc_column_inner width=&#8221;1\/12&#8243;][\/vc_column_inner][vc_column_inner width=&#8221;3\/4&#8243;][vc_empty_space height=&#8221;15px&#8221;][vc_column_text]<\/p>\n<p style=\"text-align: justify;\">Haloterapia ose ndryshe terapia e krip\u00ebs kryesisht konsiston n\u00eb thithjen e nj\u00eb aerosoli t\u00eb mikronizuar t\u00eb klorurit t\u00eb natriumit. N\u00eb nj\u00eb seanc\u00eb moderne t\u00eb haloterapis\u00eb, pacienti \u00ebsht\u00eb n\u00eb nj\u00eb \u201cdhom\u00eb kripe\u201d t\u00eb projektuar posa\u00e7\u00ebrisht p\u00ebr t\u00eb rikrijuar mikroklim\u00ebn e pranishme n\u00eb nj\u00eb shpell\u00eb natyrale t\u00eb krip\u00ebs. P\u00ebr ta b\u00ebr\u00eb atmosfer\u00ebn e ngopur me klorur natriumi p\u00ebrdoren pajisje t\u00eb posa\u00e7me mjek\u00ebsore (halogjenerator\u00eb ose mikronizues t\u00eb krip\u00ebs), t\u00eb cilat reduktojn\u00eb grimcat me madh\u00ebsi mikromet\u00ebr p\u00ebr ti lejuar m\u00eb pas t\u00eb jonizohen. Gjeneratori i mikroklim\u00ebs mikronon krip\u00ebn dhe e p\u00ebrzien at\u00eb t\u00ebr\u00ebsisht me nj\u00eb rrym\u00eb t\u00eb rregulluar ajri, e cila pastaj shp\u00ebrndahet uniformisht n\u00eb t\u00eb gjith\u00eb dhom\u00ebn e krip\u00ebs.<\/p>\n<p>[\/vc_column_text][\/vc_column_inner][\/vc_row_inner]\t\t<\/div><\/div>[\/vc_column][\/vc_row][vc_row full_width=&#8221;stretch_row_content&#8221; bg_type=&#8221;bg_color&#8221; bg_override=&#8221;ex-full&#8221; bg_color_value=&#8221;rgba(183,184,187,0.2)&#8221; css=&#8221;.vc_custom_1605109971927{padding-top: 30px !important;padding-bottom: 30px !important;}&#8221;][vc_column width=&#8221;1\/2&#8243;]<div class=\"ult-content-box-container box_class\" >\t\t<div class=\"ult-content-box\" style=\"box-shadow: px px px px none;-webkit-transition: all 700ms ease;-moz-transition: all 700ms ease;-ms-transition: all 700ms ease;-o-transition: all 700ms ease;transition: all 700ms ease;\"  data-hover_box_shadow=\"none\"    >[vc_row_inner][vc_column_inner width=&#8221;1\/12&#8243;][\/vc_column_inner][vc_column_inner width=&#8221;3\/4&#8243;][vc_column_text]<\/p>\n<p style=\"text-align: justify;\"><strong>P\u00ebrfitimet e Haloterapis\u00eb:<\/strong><\/p>\n<ul>\n<li style=\"text-align: justify;\"><strong><em>Sistemi respirator<\/em><\/strong>: alergjit\u00eb, astma, bronkiti, sinusitit, bronkektazia, bronkospazma, fibroza cistike, rinitet, rinosinusopatit\u00eb, v\u00ebshtir\u00ebsit\u00eb n\u00eb frym\u00ebmarrje, kolla e that\u00eb dhe produktive, \u201cwheezing\u201d pulmonar, sekrecionet mukozave, edema e mukoz\u00ebs, tonsilitet, faringitet, otitet, ftohja dhe gripi.<\/li>\n<li style=\"text-align: justify;\"><strong><em>Sistemi dermal (l\u00ebkura)<\/em><\/strong>: psoriaza, ekzema, dermatiti, rigjenerim, riparim, dhe mir\u00ebmbajtje e l\u00ebkur\u00ebs.<\/li>\n<li style=\"text-align: justify;\"><strong><em>T\u00eb tjera<\/em><\/strong>: p\u00ebrmir\u00ebsimin e sistemit imunitar, rehabilitime pas gjendjeve t\u00eb stres\/ traum\u00ebs dhe depresionit, anti-stress, largon stresin e akumuluar.<\/li>\n<li style=\"text-align: justify;\"><strong><em>Efekte an\u00ebsore t\u00eb haloterapis\u00eb <\/em><\/strong>: N\u00eb raste t\u00eb rralla, gjat\u00eb trajtimit mund t\u00eb shfaqen fenomene t\u00eb p\u00ebrkohshme si kruajtje t\u00eb l\u00ebkur\u00ebs, fytit dhe acarim t\u00eb syrit. haloterapia nuk rekomandohet p\u00ebr persona me nj\u00eb nga kushtet e m\u00ebposhtme: gjendje kritike t\u00eb s\u00ebmundjeve respiratore; dehje p\u00ebr shkak t\u00eb alkoolit ose drog\u00ebs; infrakt; gjakderdhje ose epistaksi; hemoptysis; hipertension i r\u00ebnd\u00eb sistemik.<\/li>\n<\/ul>\n<p>[\/vc_column_text][\/vc_column_inner][\/vc_row_inner]\t\t<\/div><\/div>[\/vc_column][vc_column width=&#8221;1\/2&#8243;][vc_single_image image=&#8221;2384&#8243; img_size=&#8221;1024&#215;450&#8243; alignment=&#8221;center&#8221;][\/vc_column][\/vc_row][vc_row full_width=&#8221;stretch_row_content&#8221;][vc_column css=&#8221;.vc_custom_1604485950044{padding-top: 70px !important;padding-bottom: 70px !important;}&#8221;][vc_custom_heading text=&#8221;REALIZIMI I HALOTERAPIVE N\u00cb HOTELE &amp; RESORTE I SHTON VLERA AMBJENTIT TUAJ.&#8221; font_container=&#8221;tag:h3|text_align:center|color:%235f6263&#8243; use_theme_fonts=&#8221;yes&#8221;][vc_separator color=&#8221;custom&#8221; el_width=&#8221;20&#8243; accent_color=&#8221;#5f6263&#8243;]<div id=\"ult-carousel-75664446169d2e18f0bf8b\" class=\"ult-carousel-wrapper   ult_horizontal\" data-gutter=\"15\" data-rtl=\"false\" ><div class=\"ult-carousel-295206375569d2e18f0be9d \" >[vc_single_image image=&#8221;2350&#8243; img_size=&#8221;full&#8221;][vc_single_image image=&#8221;2353&#8243; img_size=&#8221;full&#8221;][vc_single_image image=&#8221;2356&#8243; img_size=&#8221;full&#8221;][vc_single_image image=&#8221;2359&#8243; img_size=&#8221;full&#8221;][vc_single_image image=&#8221;2362&#8243; img_size=&#8221;full&#8221;][vc_single_image image=&#8221;2365&#8243; img_size=&#8221;full&#8221;][vc_single_image image=&#8221;2368&#8243; img_size=&#8221;full&#8221;]<\/div><\/div>\t\t\t<script type=\"text\/javascript\">\n\t\t\t\tjQuery(document).ready(function ($) {\n\t\t\t\t\tif( typeof jQuery('.ult-carousel-295206375569d2e18f0be9d').slick == \"function\"){\n\t\t\t\t\t\t$('.ult-carousel-295206375569d2e18f0be9d').slick({dots: true,autoplay: true,autoplaySpeed: \"5000\",speed: \"300\",infinite: true,arrows: false,slidesToScroll:3,slidesToShow:3,swipe: true,draggable: true,touchMove: true,pauseOnHover: true,pauseOnFocus: false,responsive: [\n\t\t\t\t\t\t\t{\n\t\t\t\t\t\t\t  breakpoint: 1026,\n\t\t\t\t\t\t\t  settings: {\n\t\t\t\t\t\t\t\tslidesToShow: 3,\n\t\t\t\t\t\t\t\tslidesToScroll: 3,  \n\t\t\t\t\t\t\t  }\n\t\t\t\t\t\t\t},\n\t\t\t\t\t\t\t{\n\t\t\t\t\t\t\t  breakpoint: 1025,\n\t\t\t\t\t\t\t  settings: {\n\t\t\t\t\t\t\t\tslidesToShow: 2,\n\t\t\t\t\t\t\t\tslidesToScroll: 2\n\t\t\t\t\t\t\t  }\n\t\t\t\t\t\t\t},\n\t\t\t\t\t\t\t{\n\t\t\t\t\t\t\t  breakpoint: 760,\n\t\t\t\t\t\t\t  settings: {\n\t\t\t\t\t\t\t\tslidesToShow: 1,\n\t\t\t\t\t\t\t\tslidesToScroll: 1\n\t\t\t\t\t\t\t  }\n\t\t\t\t\t\t\t}\n\t\t\t\t\t\t],pauseOnDotsHover: true,customPaging: function(slider, i) {\n                   return '<i type=\"button\" style= \"color:#5f6263;\" class=\"ultsl-radio-checked\" data-role=\"none\"><\/i>';\n                },});\n\t\t\t\t\t}\n\t\t\t\t});\n\t\t\t<\/script>\n\t\t\t[\/vc_column][\/vc_row]<\/p>\n<\/div>","protected":false},"excerpt":{"rendered":"<p>[vc_row full_width=&#8221;stretch_row_content&#8221; bg_type=&#8221;bg_color&#8221; bg_override=&#8221;ex-full&#8221; bg_color_value=&#8221;rgba(183,184,187,0.2)&#8221; css=&#8221;.vc_custom_1605109971927{padding-top: 30px !important;padding-bottom: 30px !important;}&#8221;][vc_column width=&#8221;1\/2&#8243;][vc_single_image image=&#8221;2387&#8243; img_size=&#8221;1024&#215;450&#8243; alignment=&#8221;center&#8221;][\/vc_column][vc_column width=&#8221;1\/2&#8243;][\/vc_column][\/vc_row][vc_row full_width=&#8221;stretch_row_content&#8221; bg_type=&#8221;bg_color&#8221; bg_override=&#8221;ex-full&#8221; bg_color_value=&#8221;rgba(183,184,187,0.2)&#8221; css=&#8221;.vc_custom_1605109971927{padding-top: 30px !important;padding-bottom: 30px !important;}&#8221;][vc_column width=&#8221;1\/2&#8243;][\/vc_column][vc_column width=&#8221;1\/2&#8243;][vc_single_image image=&#8221;2384&#8243; img_size=&#8221;1024&#215;450&#8243; alignment=&#8221;center&#8221;][\/vc_column][\/vc_row][vc_row full_width=&#8221;stretch_row_content&#8221;][vc_column css=&#8221;.vc_custom_1604485950044{padding-top: 70px !important;padding-bottom: 70px !important;}&#8221;][vc_custom_heading text=&#8221;REALIZIMI I HALOTERAPIVE N\u00cb HOTELE &amp; RESORTE I SHTON VLERA AMBJENTIT TUAJ.&#8221; font_container=&#8221;tag:h3|text_align:center|color:%235f6263&#8243; use_theme_fonts=&#8221;yes&#8221;][vc_separator color=&#8221;custom&#8221; el_width=&#8221;20&#8243; accent_color=&#8221;#5f6263&#8243;][\/vc_column][\/vc_row]<\/p>\n","protected":false},"author":1,"featured_media":0,"parent":0,"menu_order":0,"comment_status":"closed","ping_status":"closed","template":"","meta":{"footnotes":""},"class_list":["post-908","page","type-page","status-publish","hentry","description-off"],"_links":{"self":[{"href":"https:\/\/pishinawellness.com\/index.php\/wp-json\/wp\/v2\/pages\/908","targetHints":{"allow":["GET"]}}],"collection":[{"href":"https:\/\/pishinawellness.com\/index.php\/wp-json\/wp\/v2\/pages"}],"about":[{"href":"https:\/\/pishinawellness.com\/index.php\/wp-json\/wp\/v2\/types\/page"}],"author":[{"embeddable":true,"href":"https:\/\/pishinawellness.com\/index.php\/wp-json\/wp\/v2\/users\/1"}],"replies":[{"embeddable":true,"href":"https:\/\/pishinawellness.com\/index.php\/wp-json\/wp\/v2\/comments?post=908"}],"version-history":[{"count":5,"href":"https:\/\/pishinawellness.com\/index.php\/wp-json\/wp\/v2\/pages\/908\/revisions"}],"predecessor-version":[{"id":2374,"href":"https:\/\/pishinawellness.com\/index.php\/wp-json\/wp\/v2\/pages\/908\/revisions\/2374"}],"wp:attachment":[{"href":"https:\/\/pishinawellness.com\/index.php\/wp-json\/wp\/v2\/media?parent=908"}],"curies":[{"name":"wp","href":"https:\/\/api.w.org\/{rel}","templated":true}]}}