{"id":761,"date":"2020-12-23T15:38:39","date_gmt":"2020-12-23T15:38:39","guid":{"rendered":"https:\/\/new.piscinawellness.it\/index.php\/vasca-idromassagio\/"},"modified":"2021-01-08T10:34:52","modified_gmt":"2021-01-08T10:34:52","slug":"vaske-me-hidromasazh","status":"publish","type":"page","link":"https:\/\/pishinawellness.com\/index.php\/vaske-me-hidromasazh\/","title":{"rendered":"Vaske me Hidromasazh"},"content":{"rendered":"<div class=\"wpb-content-wrapper\"><p>[vc_row full_width=&#8221;stretch_row_content&#8221; bg_type=&#8221;bg_color&#8221; bg_override=&#8221;ex-full&#8221; bg_color_value=&#8221;rgba(183,184,187,0.2)&#8221; css=&#8221;.vc_custom_1605109971927{padding-top: 30px !important;padding-bottom: 30px !important;}&#8221;][vc_column width=&#8221;1\/2&#8243;][vc_single_image image=&#8221;765&#8243; img_size=&#8221;1024&#215;450&#8243; alignment=&#8221;center&#8221;][\/vc_column][vc_column width=&#8221;1\/2&#8243;]<div class=\"ult-content-box-container box_class\" >\t\t<div class=\"ult-content-box\" style=\"box-shadow: px px px px none;-webkit-transition: all 700ms ease;-moz-transition: all 700ms ease;-ms-transition: all 700ms ease;-o-transition: all 700ms ease;transition: all 700ms ease;\"  data-hover_box_shadow=\"none\"    >[vc_row_inner][vc_column_inner width=&#8221;1\/12&#8243;][\/vc_column_inner][vc_column_inner width=&#8221;3\/4&#8243;][vc_empty_space height=&#8221;15px&#8221;][vc_column_text]<\/p>\n<p style=\"text-align: justify;\">Hydromasazhi \u00ebsht\u00eb nj\u00eb trajtim spa q\u00eb p\u00ebrdor zhetet e ujit me presion t\u00eb lart\u00eb si mjete masazhi. Xhetet jan\u00eb m\u00eb t\u00eb fuqish\u00ebm se ato q\u00eb gjenden n\u00eb nj\u00eb vask\u00eb standarde ose nj\u00eb Jacuzzi, dhe temperatura e ujit \u00ebsht\u00eb m\u00eb e ngroht\u00eb.<br \/>\nTradicionalisht, hidromasazhi p\u00ebrfshin zhytjen n\u00eb uj\u00eb; megjithat\u00eb, disa nj\u00ebsi t\u00eb masazhit tani kan\u00eb membrana t\u00eb pap\u00ebrshkueshme nga uji q\u00eb parandalojn\u00eb q\u00eb uji t\u00eb prek\u00eb l\u00ebkur\u00ebn. N\u00ebse keni s\u00ebmundje t\u00eb zemr\u00ebs ose nj\u00eb gjendje tjet\u00ebr mjek\u00ebsore, duhet t\u00eb konsultoheni me mjekun tuaj p\u00ebrpara se t\u00eb lloni terapin\u00eb me hidromasazh.<\/p>\n<p style=\"text-align: justify;\">Ju gjithashtu duhet t\u00eb bisedoni me mjekun tuaj ose terapistin e par\u00eb n\u00eb qoft\u00eb se jeni shtatz\u00ebn\u00eb, po sh\u00ebroheni nga nj\u00eb l\u00ebndim ose operacion, ose keni presion t\u00eb lart\u00eb t\u00eb gjakut. Shmangni ngr\u00ebnien e nj\u00eb vakti t\u00eb madh ose pirjen e alkoolit para trajtimit tuaj.<\/p>\n<p>[\/vc_column_text][\/vc_column_inner][\/vc_row_inner]\t\t<\/div><\/div>[\/vc_column][\/vc_row][vc_row full_width=&#8221;stretch_row_content&#8221; bg_type=&#8221;bg_color&#8221; bg_override=&#8221;ex-full&#8221; bg_color_value=&#8221;rgba(183,184,187,0.2)&#8221; css=&#8221;.vc_custom_1605109971927{padding-top: 30px !important;padding-bottom: 30px !important;}&#8221;][vc_column width=&#8221;1\/2&#8243;]<div class=\"ult-content-box-container box_class\" >\t\t<div class=\"ult-content-box\" style=\"box-shadow: px px px px none;-webkit-transition: all 700ms ease;-moz-transition: all 700ms ease;-ms-transition: all 700ms ease;-o-transition: all 700ms ease;transition: all 700ms ease;\"  data-hover_box_shadow=\"none\"    >[vc_row_inner][vc_column_inner width=&#8221;1\/12&#8243;][\/vc_column_inner][vc_column_inner width=&#8221;3\/4&#8243;][vc_column_text]<\/p>\n<p style=\"text-align: justify;\"><strong>P\u00ebrfitimet e Vask\u00ebs me Hidromasazh<\/strong><\/p>\n<ul>\n<li style=\"text-align: justify;\"><em><strong>Ndihmon Stresin<\/strong><\/em>\u00a0\u2013 Hidromasazhi redukton tensionin zik dhe stresin mendor. Zhytja e trupit n\u00eb uj\u00eb t\u00eb ngroht\u00eb mund t\u00eb zvog\u00ebloj\u00eb sekretimin e kortizolit.<\/li>\n<li style=\"text-align: justify;\"><em><strong>Gjum\u00eb i p\u00ebrmir\u00ebsuar<\/strong><\/em>\u00a0\u2013 Hidroterapia mund t\u00eb ndihmoj\u00eb n\u00eb reduktimin e pagjum\u00ebsis\u00eb. Mund t\u00eb p\u00ebrmir\u00ebsoj\u00eb gjumin duke leht\u00ebsuar presionin mbi nyjet dhe muskujt, gj\u00eb q\u00eb redukton shqet\u00ebsimin gjat\u00eb nat\u00ebs.<\/li>\n<li style=\"text-align: justify;\"><em><strong>Ndihmon n\u00eb leht\u00ebsimin e dhimbjeve<\/strong><\/em>\u00a0\u2013 Sesionet e hidroterapis\u00eb mund t\u00eb ndihmojn\u00eb n\u00eb zvog\u00eblimin e dhimbjeve kronike t\u00eb shkaktuara nga artriti, bromialgia dhe kushtet e tjera. Uji i ngroht\u00eb p\u00ebrmir\u00ebson qarkullimin, i cili jep oksigjen dhe sh\u00ebrben si ushqyes vital n\u00eb indet e muskujve gjithashtu redukton pesh\u00ebn e trupit.<\/li>\n<li style=\"text-align: justify;\"><em><strong>Rehabilitimi kardiovaskular<\/strong><\/em>\u00a0\u2013\u00a0 Hidromasazhi mund t\u00eb rris\u00eb ritmin e zemr\u00ebs pa nj\u00eb rritje korresponduese t\u00eb tensionit t\u00eb gjakut. Ajo gjithashtu mund t\u00eb rris\u00eb efi\u00e7enc\u00ebn e muskujve t\u00eb pompimit t\u00eb zemr\u00ebs.<\/li>\n<\/ul>\n<p>[\/vc_column_text][\/vc_column_inner][\/vc_row_inner]\t\t<\/div><\/div>[\/vc_column][vc_column width=&#8221;1\/2&#8243;][vc_single_image image=&#8221;769&#8243; img_size=&#8221;1024&#215;450&#8243; alignment=&#8221;center&#8221;][\/vc_column][\/vc_row][vc_row full_width=&#8221;stretch_row_content&#8221;][vc_column css=&#8221;.vc_custom_1604485950044{padding-top: 70px !important;padding-bottom: 70px !important;}&#8221;][vc_custom_heading text=&#8221;REALIZIMI I VASKAVE ME HIDROMASAZH N\u00cb HOTELE &amp; RESORTE I SHTON VLERA AMBJENTIT TUAJ.&#8221; font_container=&#8221;tag:h3|text_align:center|color:%235f6263&#8243; use_theme_fonts=&#8221;yes&#8221;][vc_separator color=&#8221;custom&#8221; el_width=&#8221;20&#8243; accent_color=&#8221;#5f6263&#8243;]<div id=\"ult-carousel-264791485069d2b68d6a3ef\" class=\"ult-carousel-wrapper   ult_horizontal\" data-gutter=\"15\" data-rtl=\"false\" ><div class=\"ult-carousel-176820168369d2b68d6a2e9 \" >[vc_single_image image=&#8221;768&#8243; img_size=&#8221;full&#8221;][vc_single_image image=&#8221;767&#8243; img_size=&#8221;full&#8221;][vc_single_image image=&#8221;766&#8243; img_size=&#8221;full&#8221;][vc_single_image image=&#8221;762&#8243; img_size=&#8221;full&#8221;][vc_single_image image=&#8221;662&#8243; img_size=&#8221;full&#8221;][vc_single_image image=&#8221;663&#8243; img_size=&#8221;full&#8221;][vc_single_image image=&#8221;664&#8243; img_size=&#8221;full&#8221;][vc_single_image image=&#8221;665&#8243; img_size=&#8221;full&#8221;]<\/div><\/div>\t\t\t<script type=\"text\/javascript\">\n\t\t\t\tjQuery(document).ready(function ($) {\n\t\t\t\t\tif( typeof jQuery('.ult-carousel-176820168369d2b68d6a2e9').slick == \"function\"){\n\t\t\t\t\t\t$('.ult-carousel-176820168369d2b68d6a2e9').slick({dots: true,autoplay: true,autoplaySpeed: \"5000\",speed: \"300\",infinite: true,arrows: false,slidesToScroll:3,slidesToShow:3,swipe: true,draggable: true,touchMove: true,pauseOnHover: true,pauseOnFocus: false,responsive: [\n\t\t\t\t\t\t\t{\n\t\t\t\t\t\t\t  breakpoint: 1026,\n\t\t\t\t\t\t\t  settings: {\n\t\t\t\t\t\t\t\tslidesToShow: 3,\n\t\t\t\t\t\t\t\tslidesToScroll: 3,  \n\t\t\t\t\t\t\t  }\n\t\t\t\t\t\t\t},\n\t\t\t\t\t\t\t{\n\t\t\t\t\t\t\t  breakpoint: 1025,\n\t\t\t\t\t\t\t  settings: {\n\t\t\t\t\t\t\t\tslidesToShow: 2,\n\t\t\t\t\t\t\t\tslidesToScroll: 2\n\t\t\t\t\t\t\t  }\n\t\t\t\t\t\t\t},\n\t\t\t\t\t\t\t{\n\t\t\t\t\t\t\t  breakpoint: 760,\n\t\t\t\t\t\t\t  settings: {\n\t\t\t\t\t\t\t\tslidesToShow: 1,\n\t\t\t\t\t\t\t\tslidesToScroll: 1\n\t\t\t\t\t\t\t  }\n\t\t\t\t\t\t\t}\n\t\t\t\t\t\t],pauseOnDotsHover: true,customPaging: function(slider, i) {\n                   return '<i type=\"button\" style= \"color:#5f6263;\" class=\"ultsl-radio-checked\" data-role=\"none\"><\/i>';\n                },});\n\t\t\t\t\t}\n\t\t\t\t});\n\t\t\t<\/script>\n\t\t\t[\/vc_column][\/vc_row]<\/p>\n<\/div>","protected":false},"excerpt":{"rendered":"<p>[vc_row full_width=&#8221;stretch_row_content&#8221; bg_type=&#8221;bg_color&#8221; bg_override=&#8221;ex-full&#8221; bg_color_value=&#8221;rgba(183,184,187,0.2)&#8221; css=&#8221;.vc_custom_1605109971927{padding-top: 30px !important;padding-bottom: 30px !important;}&#8221;][vc_column width=&#8221;1\/2&#8243;][vc_single_image image=&#8221;765&#8243; img_size=&#8221;1024&#215;450&#8243; alignment=&#8221;center&#8221;][\/vc_column][vc_column width=&#8221;1\/2&#8243;][\/vc_column][\/vc_row][vc_row full_width=&#8221;stretch_row_content&#8221; bg_type=&#8221;bg_color&#8221; bg_override=&#8221;ex-full&#8221; bg_color_value=&#8221;rgba(183,184,187,0.2)&#8221; css=&#8221;.vc_custom_1605109971927{padding-top: 30px !important;padding-bottom: 30px !important;}&#8221;][vc_column width=&#8221;1\/2&#8243;][\/vc_column][vc_column width=&#8221;1\/2&#8243;][vc_single_image image=&#8221;769&#8243; img_size=&#8221;1024&#215;450&#8243; alignment=&#8221;center&#8221;][\/vc_column][\/vc_row][vc_row full_width=&#8221;stretch_row_content&#8221;][vc_column css=&#8221;.vc_custom_1604485950044{padding-top: 70px !important;padding-bottom: 70px !important;}&#8221;][vc_custom_heading text=&#8221;REALIZIMI I VASKAVE ME HIDROMASAZH N\u00cb HOTELE &amp; RESORTE I SHTON VLERA AMBJENTIT TUAJ.&#8221; font_container=&#8221;tag:h3|text_align:center|color:%235f6263&#8243; use_theme_fonts=&#8221;yes&#8221;][vc_separator color=&#8221;custom&#8221; el_width=&#8221;20&#8243; accent_color=&#8221;#5f6263&#8243;][\/vc_column][\/vc_row]<\/p>\n","protected":false},"author":1,"featured_media":0,"parent":0,"menu_order":0,"comment_status":"closed","ping_status":"closed","template":"","meta":{"footnotes":""},"class_list":["post-761","page","type-page","status-publish","hentry","description-off"],"_links":{"self":[{"href":"https:\/\/pishinawellness.com\/index.php\/wp-json\/wp\/v2\/pages\/761","targetHints":{"allow":["GET"]}}],"collection":[{"href":"https:\/\/pishinawellness.com\/index.php\/wp-json\/wp\/v2\/pages"}],"about":[{"href":"https:\/\/pishinawellness.com\/index.php\/wp-json\/wp\/v2\/types\/page"}],"author":[{"embeddable":true,"href":"https:\/\/pishinawellness.com\/index.php\/wp-json\/wp\/v2\/users\/1"}],"replies":[{"embeddable":true,"href":"https:\/\/pishinawellness.com\/index.php\/wp-json\/wp\/v2\/comments?post=761"}],"version-history":[{"count":6,"href":"https:\/\/pishinawellness.com\/index.php\/wp-json\/wp\/v2\/pages\/761\/revisions"}],"predecessor-version":[{"id":934,"href":"https:\/\/pishinawellness.com\/index.php\/wp-json\/wp\/v2\/pages\/761\/revisions\/934"}],"wp:attachment":[{"href":"https:\/\/pishinawellness.com\/index.php\/wp-json\/wp\/v2\/media?parent=761"}],"curies":[{"name":"wp","href":"https:\/\/api.w.org\/{rel}","templated":true}]}}