{"id":672,"date":"2020-12-22T16:32:49","date_gmt":"2020-12-22T16:32:49","guid":{"rendered":"https:\/\/new.piscinawellness.it\/index.php\/sauna\/"},"modified":"2021-02-02T15:47:54","modified_gmt":"2021-02-02T15:47:54","slug":"sauna","status":"publish","type":"page","link":"https:\/\/pishinawellness.com\/index.php\/sauna\/","title":{"rendered":"Sauna"},"content":{"rendered":"<div class=\"wpb-content-wrapper\"><p>[vc_row full_width=&#8221;stretch_row_content&#8221; bg_type=&#8221;bg_color&#8221; bg_override=&#8221;ex-full&#8221; bg_color_value=&#8221;rgba(183,184,187,0.2)&#8221; css=&#8221;.vc_custom_1605109971927{padding-top: 30px !important;padding-bottom: 30px !important;}&#8221;][vc_column width=&#8221;1\/2&#8243;][vc_single_image image=&#8221;2258&#8243; img_size=&#8221;1024&#215;450&#8243; alignment=&#8221;center&#8221;][\/vc_column][vc_column width=&#8221;1\/2&#8243;]<div class=\"ult-content-box-container box_class\" >\t\t<div class=\"ult-content-box\" style=\"box-shadow: px px px px none;-webkit-transition: all 700ms ease;-moz-transition: all 700ms ease;-ms-transition: all 700ms ease;-o-transition: all 700ms ease;transition: all 700ms ease;\"  data-hover_box_shadow=\"none\"    >[vc_row_inner][vc_column_inner width=&#8221;1\/12&#8243;][\/vc_column_inner][vc_column_inner width=&#8221;3\/4&#8243;][vc_empty_space height=&#8221;60px&#8221;][vc_column_text]<\/p>\n<p style=\"text-align: justify; font-family: Futura PT Multilingual W02,Futura PT Multilingual W10,Helvetica,Arial,sans-serif !important;\">Sauna \u00ebsht\u00eb p\u00ebrdorur p\u00ebr her\u00eb t\u00eb par\u00eb n\u00eb Finland\u00eb rreth 2000 vjet m\u00eb par\u00eb. Ajo kishte disa ngjashm\u00ebri me k\u00ebt\u00eb t\u00eb sotmen, por ndryshimi kryesor \u00ebsht\u00eb q\u00eb ndodhej n\u00ebn tok\u00eb. Shkrimi m\u00eb i vjet\u00ebr n\u00eb bot\u00eb q\u00eb \u00ebsht\u00eb gjetur p\u00ebr saunat daton n\u00eb vitin 1112.<\/p>\n<p style=\"text-align: justify; font-family: Futura PT Multilingual W02,Futura PT Multilingual W10,Helvetica,Arial,sans-serif !important;\">Sauna moderne \u00ebsht\u00eb nj\u00eb dhom\u00eb me p\u00ebrmasa relativisht t\u00eb vogla prej druri, e cila ofron nj\u00eb mjedis me nxeht\u00ebsi t\u00eb fort\u00eb e t\u00eb that\u00eb me nj\u00eb temperatur\u00eb prej af\u00ebrsisht 90\u02da C. N\u00eb p\u00ebrgjith\u00ebsi ndri\u00e7imi n\u00eb nj\u00eb sauna \u00ebsht\u00eb i err\u00ebt. Ngrohja sigurohet nga nj\u00eb sob\u00eb ose ngroh\u00ebs q\u00eb ngroh disa gur\u00eb vullkanik p\u00ebr t\u00eb siguruar nj\u00eb nxeht\u00ebsi t\u00eb but\u00eb. Kjo nxeht\u00ebsi e than shum\u00eb aj\u00ebrin e ambjentit t\u00eb saunas dhe p\u00ebr k\u00ebt\u00eb arsye hidhet uj\u00eb mbi gur\u00ebt p\u00ebr t\u00eb rritur nivelin e lag\u00ebshtis\u00eb. Trajtimi n\u00eb sauna zakonisht ndahet n\u00eb seanca, personi kalon nj\u00eb koh\u00eb t\u00eb shkurt\u00ebr n\u00eb sauna derisa t\u00eb filloj t\u00eb djersij\u00eb dhe m\u00eb pas del jasht\u00eb saj p\u00ebr tu freskuar.<\/p>\n<p>[\/vc_column_text][\/vc_column_inner][\/vc_row_inner]\t\t<\/div><\/div>[\/vc_column][\/vc_row][vc_row full_width=&#8221;stretch_row_content&#8221; bg_type=&#8221;bg_color&#8221; bg_override=&#8221;ex-full&#8221; bg_color_value=&#8221;rgba(183,184,187,0.2)&#8221; css=&#8221;.vc_custom_1605109971927{padding-top: 30px !important;padding-bottom: 30px !important;}&#8221;][vc_column width=&#8221;1\/2&#8243;]<div class=\"ult-content-box-container box_class\" >\t\t<div class=\"ult-content-box\" style=\"box-shadow: px px px px none;-webkit-transition: all 700ms ease;-moz-transition: all 700ms ease;-ms-transition: all 700ms ease;-o-transition: all 700ms ease;transition: all 700ms ease;\"  data-hover_box_shadow=\"none\"    >[vc_row_inner][vc_column_inner width=&#8221;1\/12&#8243;][\/vc_column_inner][vc_column_inner width=&#8221;3\/4&#8243;][vc_column_text]<strong>P\u00ebr \u00e7far\u00eb sh\u00ebrben Sauna?<\/strong><\/p>\n<ul style=\"text-align: justify; font-family: Futura PT Multilingual W02,Futura PT Multilingual W10,Helvetica,Arial,sans-serif !important;\">\n<li>Nj\u00eb seanc\u00eb n\u00eb sauna \u00ebsht\u00eb e efektsh\u00ebm p\u00ebr \u00e7lirimin e toksinat q\u00eb keni n\u00eb trup si dhe pastrimin e l\u00ebkur\u00ebs duke e b\u00ebr\u00eb at\u00eb t\u00eb but\u00eb dhe t\u00eb sh\u00ebndetshme.<\/li>\n<li>Sauna rrit dhe p\u00ebrmir\u00ebson qarkullimin e gjakut dhe frym\u00ebmarrjen. N\u00ebse n\u00eb nxeht\u00ebsi en\u00ebt kapilare hapen, n\u00eb t\u00eb ftoht\u00eb kontraktohen p\u00ebr reaksion, n\u00eb k\u00ebt\u00eb m\u00ebnyr\u00eb qarkullimi i gjakut p\u00ebrmir\u00ebsohet.<\/li>\n<li>Nxeht\u00ebsia dhe lag\u00ebshtia e saun\u00ebs shp\u00ebrndan dhimbjen dhe relakson muskujt e lodhur. Sauna \u00ebsht\u00eb e efektshme edhe p\u00ebr dhimbjet e artriteve. Trajtimi i rregullt i kombinuar me nj\u00eb diet\u00eb t\u00eb sh\u00ebndetshme dhe ushtrime ndihmon n\u00eb humbjen e pesh\u00ebs dhe lufton celulitin. K\u00ebshillohet konsumimi i shpesht\u00eb i ujit pas dhe para seanc\u00ebs se saun\u00ebs pasi ekziston rreziku i dehidratimit.<\/li>\n<li>Sauna jep gjithashtu \u00e7lirim nga azma dhe bronkitet dhe mund t\u00eb parandaloj\u00eb t\u00eb ftohtin. Faza e ngrohjes zakonisht zgjat 5 deri 10 minuta. K\u00ebshillohet t\u00eb frekuentohen deri n\u00eb tri her\u00eb n\u00eb jav\u00eb. N\u00ebse i frekuentoni m\u00eb shpesh efekti rrezikon t\u00eb jet\u00eb i kund\u00ebrt.<\/li>\n<\/ul>\n<p>[\/vc_column_text][\/vc_column_inner][\/vc_row_inner]\t\t<\/div><\/div>[\/vc_column][vc_column width=&#8221;1\/2&#8243;][vc_single_image image=&#8221;2261&#8243; img_size=&#8221;1024&#215;450&#8243; alignment=&#8221;center&#8221;][\/vc_column][\/vc_row][vc_row full_width=&#8221;stretch_row_content&#8221;][vc_column css=&#8221;.vc_custom_1604485950044{padding-top: 70px !important;padding-bottom: 70px !important;}&#8221;][vc_custom_heading text=&#8221;REALIZIMI I SAUNAVE N\u00cb HOTELE &amp; RESORTE I SHTON VLERA AMBJENTIT TUAJ.&#8221; font_container=&#8221;tag:h3|text_align:center|color:%235f6263&#8243; use_theme_fonts=&#8221;yes&#8221;][vc_separator color=&#8221;custom&#8221; el_width=&#8221;20&#8243; accent_color=&#8221;#5f6263&#8243;]<div id=\"ult-carousel-133999250269e002ffec3b4\" class=\"ult-carousel-wrapper   ult_horizontal\" data-gutter=\"15\" data-rtl=\"false\" ><div class=\"ult-carousel-112723130769e002ffec2e3 \" >[vc_single_image image=&#8221;2303&#8243; img_size=&#8221;full&#8221;][vc_single_image image=&#8221;2306&#8243; img_size=&#8221;full&#8221;][vc_single_image image=&#8221;2309&#8243; img_size=&#8221;full&#8221;][vc_single_image image=&#8221;2264&#8243; img_size=&#8221;full&#8221;][vc_single_image image=&#8221;2267&#8243; img_size=&#8221;full&#8221;][vc_single_image image=&#8221;2270&#8243; img_size=&#8221;full&#8221;][vc_single_image image=&#8221;2273&#8243; img_size=&#8221;full&#8221;][vc_single_image image=&#8221;2276&#8243; img_size=&#8221;full&#8221;][vc_single_image image=&#8221;2279&#8243; img_size=&#8221;full&#8221;][vc_single_image image=&#8221;2282&#8243; img_size=&#8221;full&#8221;][vc_single_image image=&#8221;2285&#8243; img_size=&#8221;full&#8221;][vc_single_image image=&#8221;2288&#8243; img_size=&#8221;full&#8221;][vc_single_image image=&#8221;2291&#8243; img_size=&#8221;full&#8221;][vc_single_image image=&#8221;2294&#8243; img_size=&#8221;full&#8221;]<\/div><\/div>\t\t\t<script type=\"text\/javascript\">\n\t\t\t\tjQuery(document).ready(function ($) {\n\t\t\t\t\tif( typeof jQuery('.ult-carousel-112723130769e002ffec2e3').slick == \"function\"){\n\t\t\t\t\t\t$('.ult-carousel-112723130769e002ffec2e3').slick({dots: true,autoplay: true,autoplaySpeed: \"5000\",speed: \"300\",infinite: true,arrows: false,slidesToScroll:3,slidesToShow:3,swipe: true,draggable: true,touchMove: true,pauseOnHover: true,pauseOnFocus: false,responsive: [\n\t\t\t\t\t\t\t{\n\t\t\t\t\t\t\t  breakpoint: 1026,\n\t\t\t\t\t\t\t  settings: {\n\t\t\t\t\t\t\t\tslidesToShow: 3,\n\t\t\t\t\t\t\t\tslidesToScroll: 3,  \n\t\t\t\t\t\t\t  }\n\t\t\t\t\t\t\t},\n\t\t\t\t\t\t\t{\n\t\t\t\t\t\t\t  breakpoint: 1025,\n\t\t\t\t\t\t\t  settings: {\n\t\t\t\t\t\t\t\tslidesToShow: 2,\n\t\t\t\t\t\t\t\tslidesToScroll: 2\n\t\t\t\t\t\t\t  }\n\t\t\t\t\t\t\t},\n\t\t\t\t\t\t\t{\n\t\t\t\t\t\t\t  breakpoint: 760,\n\t\t\t\t\t\t\t  settings: {\n\t\t\t\t\t\t\t\tslidesToShow: 1,\n\t\t\t\t\t\t\t\tslidesToScroll: 1\n\t\t\t\t\t\t\t  }\n\t\t\t\t\t\t\t}\n\t\t\t\t\t\t],pauseOnDotsHover: true,customPaging: function(slider, i) {\n                   return '<i type=\"button\" style= \"color:#5f6263;\" class=\"ultsl-radio-checked\" data-role=\"none\"><\/i>';\n                },});\n\t\t\t\t\t}\n\t\t\t\t});\n\t\t\t<\/script>\n\t\t\t[\/vc_column][\/vc_row]<\/p>\n<\/div>","protected":false},"excerpt":{"rendered":"<p>[vc_row full_width=&#8221;stretch_row_content&#8221; bg_type=&#8221;bg_color&#8221; bg_override=&#8221;ex-full&#8221; bg_color_value=&#8221;rgba(183,184,187,0.2)&#8221; css=&#8221;.vc_custom_1605109971927{padding-top: 30px !important;padding-bottom: 30px !important;}&#8221;][vc_column width=&#8221;1\/2&#8243;][vc_single_image image=&#8221;2258&#8243; img_size=&#8221;1024&#215;450&#8243; alignment=&#8221;center&#8221;][\/vc_column][vc_column width=&#8221;1\/2&#8243;][\/vc_column][\/vc_row][vc_row full_width=&#8221;stretch_row_content&#8221; bg_type=&#8221;bg_color&#8221; bg_override=&#8221;ex-full&#8221; bg_color_value=&#8221;rgba(183,184,187,0.2)&#8221; css=&#8221;.vc_custom_1605109971927{padding-top: 30px !important;padding-bottom: 30px !important;}&#8221;][vc_column width=&#8221;1\/2&#8243;][\/vc_column][vc_column width=&#8221;1\/2&#8243;][vc_single_image image=&#8221;2261&#8243; img_size=&#8221;1024&#215;450&#8243; alignment=&#8221;center&#8221;][\/vc_column][\/vc_row][vc_row full_width=&#8221;stretch_row_content&#8221;][vc_column css=&#8221;.vc_custom_1604485950044{padding-top: 70px !important;padding-bottom: 70px !important;}&#8221;][vc_custom_heading text=&#8221;REALIZIMI I SAUNAVE N\u00cb HOTELE &amp; RESORTE I SHTON VLERA AMBJENTIT TUAJ.&#8221; font_container=&#8221;tag:h3|text_align:center|color:%235f6263&#8243; use_theme_fonts=&#8221;yes&#8221;][vc_separator color=&#8221;custom&#8221; el_width=&#8221;20&#8243; accent_color=&#8221;#5f6263&#8243;][\/vc_column][\/vc_row]<\/p>\n","protected":false},"author":1,"featured_media":0,"parent":0,"menu_order":0,"comment_status":"closed","ping_status":"closed","template":"","meta":{"footnotes":""},"class_list":["post-672","page","type-page","status-publish","hentry","description-off"],"_links":{"self":[{"href":"https:\/\/pishinawellness.com\/index.php\/wp-json\/wp\/v2\/pages\/672","targetHints":{"allow":["GET"]}}],"collection":[{"href":"https:\/\/pishinawellness.com\/index.php\/wp-json\/wp\/v2\/pages"}],"about":[{"href":"https:\/\/pishinawellness.com\/index.php\/wp-json\/wp\/v2\/types\/page"}],"author":[{"embeddable":true,"href":"https:\/\/pishinawellness.com\/index.php\/wp-json\/wp\/v2\/users\/1"}],"replies":[{"embeddable":true,"href":"https:\/\/pishinawellness.com\/index.php\/wp-json\/wp\/v2\/comments?post=672"}],"version-history":[{"count":5,"href":"https:\/\/pishinawellness.com\/index.php\/wp-json\/wp\/v2\/pages\/672\/revisions"}],"predecessor-version":[{"id":680,"href":"https:\/\/pishinawellness.com\/index.php\/wp-json\/wp\/v2\/pages\/672\/revisions\/680"}],"wp:attachment":[{"href":"https:\/\/pishinawellness.com\/index.php\/wp-json\/wp\/v2\/media?parent=672"}],"curies":[{"name":"wp","href":"https:\/\/api.w.org\/{rel}","templated":true}]}}